{"id":22,"date":"2021-02-04T21:56:59","date_gmt":"2021-02-04T20:56:59","guid":{"rendered":"http:\/\/grey-consulting.fr\/?page_id=22"},"modified":"2021-02-05T13:56:57","modified_gmt":"2021-02-05T12:56:57","slug":"home","status":"publish","type":"page","link":"https:\/\/grey-consulting.fr\/","title":{"rendered":"Home"},"content":{"rendered":"<div id=\"cs-content\" class=\"cs-content\"  ><div id=\"x-section-1\" class=\"x-section bg-pattern parallax\" style=\"margin: 0px;padding: 0px; background-image: url(http:\/\/grey-consulting.fr\/wp-content\/uploads\/2021\/02\/bg-pattern.png); background-color: #02aed6;\"  data-x-element=\"section\" data-x-params=\"{&quot;type&quot;:&quot;pattern&quot;,&quot;parallax&quot;:true}\" ><div class=\"x-container\" style=\"margin: 0px auto;padding: 0px;\"  ><div  class=\"x-column x-sm x-1-1\" style=\"padding: 0px;\" >\n\t\t\t<!-- START Agency Home REVOLUTION SLIDER 6.4.3 --><p class=\"rs-p-wp-fix\"><\/p>\n\t\t\t<rs-module-wrap id=\"rev_slider_1_1_wrapper\" data-source=\"gallery\" style=\"background:transparent;padding:0;margin:0px auto;margin-top:0;margin-bottom:0;max-width:;\">\n\t\t\t\t<rs-module id=\"rev_slider_1_1\" style=\"\" data-version=\"6.4.3\">\n\t\t\t\t\t<rs-slides>\n\t\t\t\t\t\t<rs-slide data-key=\"rs-1\" data-title=\"Slide\" data-in=\"prst:rndany;x:100%;\" data-out=\"x:-60%;\">\n\t\t\t\t\t\t\t<img src=\"\/\/grey-consulting.fr\/wp-content\/plugins\/revslider\/public\/assets\/assets\/transparent.png\" alt=\"Slide\" title=\"Home\" data-bg=\"p:center top;f:normal;r:repeat;\" class=\"rev-slidebg\" data-no-retina>\n<!--\n\t\t\t\t\t\t\t--><rs-layer\n\t\t\t\t\t\t\t\tid=\"slider-1-slide-1-layer-1\" \n\t\t\t\t\t\t\t\tclass=\"large-raleway-white\"\n\t\t\t\t\t\t\t\tdata-type=\"text\"\n\t\t\t\t\t\t\t\tdata-color=\"rgba(255, 255, 255, 1)\"\n\t\t\t\t\t\t\t\tdata-rsp_ch=\"on\"\n\t\t\t\t\t\t\t\tdata-xy=\"x:73px;y:99px;\"\n\t\t\t\t\t\t\t\tdata-text=\"s:54;l:60;fw:700;\"\n\t\t\t\t\t\t\t\tdata-frame_0=\"x:left;o:1;tp:600;\"\n\t\t\t\t\t\t\t\tdata-frame_1=\"tp:600;st:500;sp:1000;sR:500;\"\n\t\t\t\t\t\t\t\tdata-frame_999=\"x:right;tp:600;e:nothing;st:w;sp:500;sR:3500;\"\n\t\t\t\t\t\t\t\tstyle=\"z-index:5;font-family:Raleway;\"\n\t\t\t\t\t\t\t>Cabinet de conseil \n\t\t\t\t\t\t\t<\/rs-layer><!--\n\n\t\t\t\t\t\t\t--><rs-layer\n\t\t\t\t\t\t\t\tid=\"slider-1-slide-1-layer-2\" \n\t\t\t\t\t\t\t\tclass=\"large-raleway-white\"\n\t\t\t\t\t\t\t\tdata-type=\"text\"\n\t\t\t\t\t\t\t\tdata-color=\"rgba(255, 255, 255, 1)\"\n\t\t\t\t\t\t\t\tdata-rsp_ch=\"on\"\n\t\t\t\t\t\t\t\tdata-xy=\"x:72px;y:157px;\"\n\t\t\t\t\t\t\t\tdata-text=\"s:54;l:60;fw:700;\"\n\t\t\t\t\t\t\t\tdata-dim=\"w:897px;h:113px;\"\n\t\t\t\t\t\t\t\tdata-frame_0=\"x:left;o:1;tp:600;\"\n\t\t\t\t\t\t\t\tdata-frame_1=\"tp:600;st:750;sp:1000;sR:750;\"\n\t\t\t\t\t\t\t\tdata-frame_999=\"x:right;tp:600;e:nothing;st:w;sp:500;sR:3250;\"\n\t\t\t\t\t\t\t\tstyle=\"z-index:6;font-family:Raleway;\"\n\t\t\t\t\t\t\t>en recrutement \n\t\t\t\t\t\t\t<\/rs-layer><!--\n\n\t\t\t\t\t\t\t--><rs-layer\n\t\t\t\t\t\t\t\tid=\"slider-1-slide-1-layer-3\" \n\t\t\t\t\t\t\t\tclass=\"medium-raleway-white\"\n\t\t\t\t\t\t\t\tdata-type=\"text\"\n\t\t\t\t\t\t\t\tdata-color=\"rgba(255, 255, 255, 1)\"\n\t\t\t\t\t\t\t\tdata-rsp_ch=\"on\"\n\t\t\t\t\t\t\t\tdata-xy=\"x:75px;y:236px;\"\n\t\t\t\t\t\t\t\tdata-text=\"w:normal;s:18;l:28;\"\n\t\t\t\t\t\t\t\tdata-dim=\"w:629px;h:28px;\"\n\t\t\t\t\t\t\t\tdata-frame_0=\"tp:600;\"\n\t\t\t\t\t\t\t\tdata-frame_1=\"tp:600;st:1000;sp:500;sR:1000;\"\n\t\t\t\t\t\t\t\tdata-frame_999=\"o:0;tp:600;e:nothing;st:w;sp:500;sR:3500;\"\n\t\t\t\t\t\t\t\tstyle=\"z-index:7;font-family:Lato;text-shadow:none;white-space:nowrap;\"\n\t\t\t\t\t\t\t>\u00c0 l'\u00e9coute des candidats, Grey Consulting confronte les talents du march\u00e9 aux exigences des entreprises.  \n\t\t\t\t\t\t\t<\/rs-layer><!--\n\n\t\t\t\t\t\t\t--><rs-layer\n\t\t\t\t\t\t\t\tid=\"slider-1-slide-1-layer-4\" \n\t\t\t\t\t\t\t\tclass=\"medium-raleway-white\"\n\t\t\t\t\t\t\t\tdata-type=\"text\"\n\t\t\t\t\t\t\t\tdata-color=\"rgba(255, 255, 255, 1)\"\n\t\t\t\t\t\t\t\tdata-rsp_ch=\"on\"\n\t\t\t\t\t\t\t\tdata-xy=\"x:73px;y:329px;\"\n\t\t\t\t\t\t\t\tdata-text=\"w:normal;s:18;l:28;\"\n\t\t\t\t\t\t\t\tdata-actions='o:click;a:simplelink;target:_blank;url:https:\/\/jobgate.fr\/marques\/grey;'\n\t\t\t\t\t\t\t\tdata-frame_0=\"tp:600;\"\n\t\t\t\t\t\t\t\tdata-frame_1=\"tp:600;st:1000;sR:1000;\"\n\t\t\t\t\t\t\t\tdata-frame_999=\"o:0;tp:600;e:nothing;st:w;sp:500;sR:3700;\"\n\t\t\t\t\t\t\t\tstyle=\"z-index:8;font-family:Lato;text-shadow:none;white-space:nowrap;\"\n\t\t\t\t\t\t\t><a style=\"white-space: nowrap;\" class='x-btn x-btn-square x-btn-large' title='Postuler''>Postuler<\/a> \n\t\t\t\t\t\t\t<\/rs-layer><!--\n\n\t\t\t\t\t\t\t--><rs-layer\n\t\t\t\t\t\t\t\tid=\"slider-1-slide-1-layer-5\" \n\t\t\t\t\t\t\t\tdata-type=\"image\"\n\t\t\t\t\t\t\t\tdata-rsp_ch=\"on\"\n\t\t\t\t\t\t\t\tdata-xy=\"x:r;xo:-34px;y:b;\"\n\t\t\t\t\t\t\t\tdata-text=\"w:normal;l:22;\"\n\t\t\t\t\t\t\t\tdata-dim=\"w:514;h:500;\"\n\t\t\t\t\t\t\t\tdata-frame_0=\"y:bottom;o:1;tp:600;\"\n\t\t\t\t\t\t\t\tdata-frame_1=\"tp:600;st:750;sp:1000;sR:750;\"\n\t\t\t\t\t\t\t\tdata-frame_999=\"y:bottom;tp:600;e:nothing;st:w;sp:500;sR:3250;\"\n\t\t\t\t\t\t\t\tstyle=\"z-index:9;\"\n\t\t\t\t\t\t\t><img src=\"\/\/grey-consulting.fr\/wp-content\/uploads\/revslider\/agency-home\/iphone-app-grey.png\" width=\"514\" height=\"500\" data-no-retina> \n\t\t\t\t\t\t\t<\/rs-layer><!--\n-->\t\t\t\t\t\t<\/rs-slide>\n\t\t\t\t\t<\/rs-slides>\n\t\t\t\t<\/rs-module>\n\t\t\t\t<script type=\"text\/javascript\">\n\t\t\t\t\tsetREVStartSize({c: 'rev_slider_1_1',rl:[1240,1024,778,480],el:[],gw:[1170],gh:[500],type:'standard',justify:'',layout:'fullwidth',mh:\"0\"});\n\t\t\t\t\tvar\trevapi1,\n\t\t\t\t\t\ttpj;\n\t\t\t\t\tfunction revinit_revslider11() {\n\t\t\t\t\tjQuery(function() {\n\t\t\t\t\t\ttpj = jQuery;\n\t\t\t\t\t\trevapi1 = tpj(\"#rev_slider_1_1\");\n\t\t\t\t\t\ttpj.noConflict();\n\t\t\t\t\t\tif(revapi1==undefined || revapi1.revolution == undefined){\n\t\t\t\t\t\t\trevslider_showDoubleJqueryError(\"rev_slider_1_1\");\n\t\t\t\t\t\t}else{\n\t\t\t\t\t\t\trevapi1.revolution({\n\t\t\t\t\t\t\t\tduration:5000,\n\t\t\t\t\t\t\t\tvisibilityLevels:\"1240,1024,778,480\",\n\t\t\t\t\t\t\t\tgridwidth:1170,\n\t\t\t\t\t\t\t\tgridheight:500,\n\t\t\t\t\t\t\t\tspinner:\"spinner3\",\n\t\t\t\t\t\t\t\tperspectiveType:\"local\",\n\t\t\t\t\t\t\t\tresponsiveLevels:\"1240,1024,778,480\",\n\t\t\t\t\t\t\t\tajaxUrl:\"https:\/\/grey-consulting.fr\/wp-admin\/admin-ajax.php\",\n\t\t\t\t\t\t\t\tajaxNonce:\"6deebcaf21\",\n\t\t\t\t\t\t\t\tprogressBar:{disableProgressBar:true},\n\t\t\t\t\t\t\t\tnavigation: {\n\t\t\t\t\t\t\t\t\tmouseScrollNavigation:false,\n\t\t\t\t\t\t\t\t\tonHoverStop:false,\n\t\t\t\t\t\t\t\t\ttouch: {\n\t\t\t\t\t\t\t\t\t\ttouchenabled:true\n\t\t\t\t\t\t\t\t\t}\n\t\t\t\t\t\t\t\t},\n\t\t\t\t\t\t\t\tfallbacks: {\n\t\t\t\t\t\t\t\t\tallowHTML5AutoPlayOnAndroid:true\n\t\t\t\t\t\t\t\t},\n\t\t\t\t\t\t\t});\n\t\t\t\t\t\t}\n\t\t\t\t\t\t\n\t\t\t\t\t});\n\t\t\t\t\t} \/\/ End of RevInitScript\n\t\t\t\tvar once_revslider11 = false;\n\t\t\t\tif (document.readyState === \"loading\") {document.addEventListener('readystatechange',function() { if((document.readyState === \"interactive\" || document.readyState === \"complete\") && !once_revslider11 ) { once_revslider11 = true; revinit_revslider11();}});} else {once_revslider11 = true; revinit_revslider11();}\n\t\t\t\t<\/script>\n\t\t\t\t<script>\n\t\t\t\t\tvar htmlDivCss = unescape(\".rs-layer%20a.x-btn%2C%20.rs-layer%20a.x-btn%3Ahover%20%7B%20color%3A%20%23fff%3B%20font-weight%3Abold%3B%20%7D\");\n\t\t\t\t\tvar htmlDiv = document.getElementById('rs-plugin-settings-inline-css');\n\t\t\t\t\tif(htmlDiv) {\n\t\t\t\t\t\thtmlDiv.innerHTML = htmlDiv.innerHTML + htmlDivCss;\n\t\t\t\t\t}else{\n\t\t\t\t\t\tvar htmlDiv = document.createElement('div');\n\t\t\t\t\t\thtmlDiv.innerHTML = '<style>' + htmlDivCss + '<\/style>';\n\t\t\t\t\t\tdocument.getElementsByTagName('head')[0].appendChild(htmlDiv.childNodes[0]);\n\t\t\t\t\t}\n\t\t\t\t<\/script>\n\t\t\t\t<script>\n\t\t\t\t\tvar htmlDivCss = '\t#rev_slider_1_1_wrapper rs-loader.spinner3 div { background-color: #FFFFFF !important; } ';\n\t\t\t\t\tvar htmlDiv = document.getElementById('rs-plugin-settings-inline-css');\n\t\t\t\t\tif(htmlDiv) {\n\t\t\t\t\t\thtmlDiv.innerHTML = htmlDiv.innerHTML + htmlDivCss;\n\t\t\t\t\t}else{\n\t\t\t\t\t\tvar htmlDiv = document.createElement('div');\n\t\t\t\t\t\thtmlDiv.innerHTML = '<style>' + htmlDivCss + '<\/style>';\n\t\t\t\t\t\tdocument.getElementsByTagName('head')[0].appendChild(htmlDiv.childNodes[0]);\n\t\t\t\t\t}\n\t\t\t\t<\/script>\n\t\t\t<\/rs-module-wrap>\n\t\t\t<!-- END REVOLUTION SLIDER -->\n<\/div><\/div><\/div><div id=\"x-section-2\" class=\"x-section cs-ta-center\" style=\"margin: 0px;padding: 100px 0px; background-color: transparent;\"  ><div class=\"x-container max width\" style=\"margin: 0px auto;padding: 0px 5%;\"  ><div  class=\"x-column x-sm x-1-1\" style=\"padding: 0px;\" ><h2  class=\"h-custom-headline man h3\" style=\"color: #02aed6;\"><span>Grey Consulting<br \/>\nVous \u00eates le talent de demain<\/span><\/h2><div  class=\"x-raw-content\" style=\"margin: 1.45em 0 1.95em;\"><p class=\"man\">Cabinet de conseil en recrutement \u00e0 taille humaine, Grey Consulting vous accompagne dans votre carri\u00e8re gr\u00e2ce \u00e0 l'expertise de ses consultants sp\u00e9cialis\u00e9s. Les qualit\u00e9s humaines des candidats sont privil\u00e9gi\u00e9es et r\u00e9pondent aux crit\u00e8res des clients. <\/p> <\/div><a  class=\"x-btn x-btn-large\"  href=\"http:\/\/www.grey-consulting.fr\/le-cabinet\/\" title=\"En Savoir Plus\"    data-options=\"thumbnail: ''\">En Savoir Plus<\/a><\/div><\/div><\/div><div id=\"x-section-3\" class=\"x-section cs-ta-center dark-section bg-image parallax\" style=\"margin: 0px;padding: 100px 0px; background-image: url(http:\/\/grey-consulting.fr\/wp-content\/uploads\/2021\/02\/shutterstock_1117855514-copie-1.jpg); background-color: #26292c;\"  data-x-element=\"section\" data-x-params=\"{&quot;type&quot;:&quot;image&quot;,&quot;parallax&quot;:true}\" ><div class=\"x-container max width\" style=\"margin: 0px auto;padding: 0px;\"  ><div  class=\"x-column x-sm x-1-1\" style=\"padding: 0px;\" ><h2  class=\"h-custom-headline man h2\" ><span>Nos Domaines<\/span><\/h2><div  class=\"x-raw-content\" style=\"margin: 1.45em 0 1.95em;\"><p class=\"man\">Fort de plusieurs ann\u00e9es de collaboration avec de nombreux clients et candidats, Grey Consulting propose ses services personnalis\u00e9s dans ces domaines:<\/p><\/div><\/div><\/div><div class=\"x-container max width\" style=\"margin: 50px auto;padding: 0px;\"  ><div  class=\"x-column x-sm x-1-3\" style=\"padding: 0px;\" ><div  class=\"x-feature-box mvn center-text top-text cf\" style=\" max-width: 250px;\" data-x-element=\"feature_box\" data-x-params=\"{&quot;child&quot;:false,&quot;graphicAnimation&quot;:&quot;flipInX&quot;,&quot;graphicAnimationOffset&quot;:&quot;65&quot;,&quot;graphicAnimationDelay&quot;:&quot;0&quot;}\" ><div class=\"x-feature-box-graphic circle \"><div class=\"x-feature-box-graphic-outer circle animated-hide\" style=\"\"><div class=\"x-feature-box-graphic-inner circle\" style=\"font-size: 200px;\"><img class=\"circle\" src=\"http:\/\/grey-consulting.fr\/wp-content\/uploads\/2021\/02\/shutterstock_1134031496.jpg\" style=\"margin: 0 auto; border-width: 4px 4px 4px 4px; border-style: double; border-color: hsl(225, 8%, 45%);\"><\/div><\/div><\/div><div class=\"x-feature-box-content \"><h4 class=\"x-feature-box-title\">Comptabilit\u00e9<\/h4><p class=\"x-feature-box-text\"><\/p><\/div><\/div><hr  class=\"x-gap cs-hide-xl cs-hide-lg cs-hide-md\" style=\"margin: 50px 0 0 0;\"><\/div><div  class=\"x-column x-sm x-1-3\" style=\"padding: 0px;\" ><div  class=\"x-feature-box mvn center-text top-text cf\" style=\" max-width: 250px;\" data-x-element=\"feature_box\" data-x-params=\"{&quot;child&quot;:false,&quot;graphicAnimation&quot;:&quot;flipInX&quot;,&quot;graphicAnimationOffset&quot;:&quot;65&quot;,&quot;graphicAnimationDelay&quot;:&quot;500&quot;}\" ><div class=\"x-feature-box-graphic circle \"><div class=\"x-feature-box-graphic-outer circle animated-hide\" style=\"\"><div class=\"x-feature-box-graphic-inner circle\" style=\"font-size: 200px;\"><img class=\"circle\" src=\"http:\/\/grey-consulting.fr\/wp-content\/uploads\/2021\/02\/shutterstock_1155763306.jpg\" style=\"margin: 0 auto; border-width: 4px 4px 4px 4px; border-style: double; border-color: hsl(225, 8%, 45%);\"><\/div><\/div><\/div><div class=\"x-feature-box-content \"><h4 class=\"x-feature-box-title\" style=\"color: hsl(0, 0%, 100%);\">Immobilier<\/h4><p class=\"x-feature-box-text\"><\/p><\/div><\/div><hr  class=\"x-gap cs-hide-xl cs-hide-lg cs-hide-md\" style=\"margin: 50px 0 0 0;\"><\/div><div  class=\"x-column x-sm x-1-3\" style=\"padding: 0px;\" ><div  class=\"x-feature-box mvn center-text top-text cf\" style=\" max-width: 250px;\" data-x-element=\"feature_box\" data-x-params=\"{&quot;child&quot;:false,&quot;graphicAnimation&quot;:&quot;flipInX&quot;,&quot;graphicAnimationOffset&quot;:&quot;65&quot;,&quot;graphicAnimationDelay&quot;:&quot;1000&quot;}\" ><div class=\"x-feature-box-graphic circle \"><div class=\"x-feature-box-graphic-outer circle animated-hide\" style=\"\"><div class=\"x-feature-box-graphic-inner circle\" style=\"font-size: 200px;\"><img class=\"circle\" src=\"http:\/\/grey-consulting.fr\/wp-content\/uploads\/2021\/02\/shutterstock_1020934819.jpg\" style=\"margin: 0 auto; border-width: 4px 4px 4px 4px; border-style: double; border-color: hsl(225, 8%, 45%);\"><\/div><\/div><\/div><div class=\"x-feature-box-content \"><h4 class=\"x-feature-box-title\">BTP<\/h4><p class=\"x-feature-box-text\"><\/p><\/div><\/div><hr  class=\"x-gap cs-hide-xl cs-hide-lg cs-hide-md\" style=\"margin: 50px 0 0 0;\"><\/div><\/div><div class=\"x-container max width\" style=\"margin: 0px auto;padding: 0px;\"  ><div  class=\"x-column x-sm x-1-1\" style=\"padding: 0px;\" ><a  class=\"x-btn x-btn-alt x-btn-real x-btn-square x-btn-large\"  href=\"http:\/\/www.grey-consulting.fr\/espace-entreprise-2\/\"  target=\"_blank\" rel=\"\"   data-options=\"thumbnail: ''\">Voir Plus<\/a><\/div><\/div><\/div><div id=\"x-section-4\" class=\"x-section\" style=\"margin: 0px;padding: 100px 0px; background-color: transparent;\"  ><div class=\"x-container max width\" style=\"margin: 0px auto;padding: 0px;\"  ><div  class=\"x-column x-sm x-1-3\" style=\"padding: 0px;\" ><h2  class=\"h-custom-headline man h3\" ><span>Actualit\u00e9<\/span><\/h2><div  class=\"x-raw-content\" style=\"margin: 1.45em 0 1.95em;\"><\/div><a  class=\"x-btn x-btn-large\"  href=\"#\"     data-options=\"thumbnail: ''\">Nos Articles<\/a><hr  class=\"x-gap cs-hide-xl cs-hide-lg cs-hide-md\" style=\"margin: 50px 0 0 0;\"><\/div><div  class=\"x-column x-sm x-1-3\" style=\"padding: 0px;\" ><hr  class=\"x-gap cs-hide-xl cs-hide-lg cs-hide-md\" style=\"margin: 50px 0 0 0;\"><div  class=\"x-recent-posts cf horizontal\" style=\"margin: 4% 0 0;\" data-x-element=\"recent_posts\" data-x-params=\"{&quot;fade&quot;:false}\"  data-fade=\"false\" ><\/div><\/div><div  class=\"x-column x-sm x-1-3\" style=\"padding: 0px;\" ><div  class=\"x-recent-posts cf man horizontal\"  data-x-element=\"recent_posts\" data-x-params=\"{&quot;fade&quot;:false}\"  data-fade=\"false\" ><\/div><div  class=\"x-recent-posts cf man horizontal\"  data-x-element=\"recent_posts\" data-x-params=\"{&quot;fade&quot;:false}\"  data-fade=\"false\" ><\/div><div  class=\"x-recent-posts cf horizontal\" style=\"margin: 4% 0 0;\" data-x-element=\"recent_posts\" data-x-params=\"{&quot;fade&quot;:false}\"  data-fade=\"false\" ><\/div><\/div><\/div><\/div><div id=\"x-section-5\" class=\"x-section bg-pattern\" style=\"margin: 0px;padding: 50px 0px; background-image: url(http:\/\/grey-consulting.fr\/wp-content\/uploads\/2021\/02\/bg-pattern.png); background-color: #02aed6;\"  data-x-element=\"section\" data-x-params=\"{&quot;type&quot;:&quot;pattern&quot;,&quot;parallax&quot;:false}\" ><div class=\"x-container max width\" style=\"margin: 0px auto;padding: 0px;\"  ><div  class=\"x-column x-sm x-1-3\" style=\"padding: 0px;\" ><div  class=\"x-counter\" data-x-element=\"counter\" data-x-params=\"{&quot;numEnd&quot;:8,&quot;numSpeed&quot;:800}\"  style=\"color: #333333;\"><div class=\"number-wrap w-h\" style=\"color: #ffffff;\"><span class=\"number\">0<\/span><\/div><span class=\"text-below\" style=\"color: #333333;\">Recruteurs<\/span><\/div><\/div><div  class=\"x-column x-sm x-1-3\" style=\"padding: 0px;\" ><div  class=\"x-counter\" data-x-element=\"counter\" data-x-params=\"{&quot;numEnd&quot;:180,&quot;numSpeed&quot;:800}\"  style=\"color: #333333;\"><div class=\"number-wrap w-h\" style=\"color: #ffffff;\"><span class=\"number\">0<\/span><\/div><span class=\"text-below\" style=\"color: #333333;\">Clients<\/span><\/div><\/div><div  class=\"x-column x-sm x-1-3\" style=\"padding: 0px;\" ><div  class=\"x-counter\" data-x-element=\"counter\" data-x-params=\"{&quot;numEnd&quot;:8000,&quot;numSpeed&quot;:800}\"  style=\"color: #333333;\"><div class=\"number-wrap w-h\" style=\"color: #ffffff;\"><span class=\"number\">0<\/span><span class=\"suffix\">+<\/span><\/div><span class=\"text-below\" style=\"color: #333333;\">Candidats<\/span><\/div><\/div><\/div><\/div><div id=\"x-section-6\" class=\"x-section bg-image parallax\" style=\"margin: 0px;padding: 100px 0px; background-image: url(http:\/\/grey-consulting.fr\/wp-content\/uploads\/2021\/02\/bg-office-02.jpg); background-color: #9b9686;\"  data-x-element=\"section\" data-x-params=\"{&quot;type&quot;:&quot;image&quot;,&quot;parallax&quot;:true}\" ><div class=\"x-container max width\" style=\"margin: auto;padding: 0px 0px 100px;\"  ><div  class=\"x-column x-sm x-1-1\" style=\"padding: 0px;\" ><h2  class=\"h-custom-headline cs-ta-center man h2 accent\" style=\"color: hsl(0, 0%, 100%);\"><span>Nos Partenaires<\/span><\/h2><\/div><\/div><div class=\"x-container cs-ta-center max width\" style=\"margin: auto;padding: auto;\"  ><div  class=\"x-column x-sm cs-ta-center x-1-5\" style=\"padding: 0px;\" ><img  class=\"x-img man x-img-thumbnail\"  src=\"http:\/\/grey-consulting.fr\/wp-content\/uploads\/2021\/02\/client_0.png\" alt=\"Logo\"><\/div><div  class=\"x-column x-sm cs-ta-center x-1-5\" style=\"padding: 0px;\" ><img  class=\"x-img man x-img-thumbnail\"  src=\"http:\/\/grey-consulting.fr\/wp-content\/uploads\/2021\/02\/client_1.png\" alt=\"Logo\"><\/div><div  class=\"x-column x-sm x-1-5\" style=\"padding: 0px;\" ><img  class=\"x-img man x-img-thumbnail\"  src=\"http:\/\/grey-consulting.fr\/wp-content\/uploads\/2021\/02\/client_2.png\" alt=\"Logo\"><\/div><div  class=\"x-column x-sm x-1-5\" style=\"padding: 0px;\" ><img  class=\"x-img man x-img-thumbnail\"  src=\"http:\/\/grey-consulting.fr\/wp-content\/uploads\/2021\/02\/client_3.png\" alt=\"Logo\"><\/div><div  class=\"x-column x-sm x-1-5\" style=\"padding: 0px;\" ><img  class=\"x-img man x-img-thumbnail\"  src=\"http:\/\/grey-consulting.fr\/wp-content\/uploads\/2021\/02\/client_4.png\" alt=\"Logo\"><\/div><\/div><\/div><div id=\"x-section-7\" class=\"x-section\" style=\"margin: 0px;padding: 0 0px; background-color: transparent;\"  ><div class=\"x-container\" style=\"margin: 0px auto;padding: 0px;\"  ><div  class=\"x-column x-sm x-1-1\" style=\"padding: 0px;\" ><a  class=\"x-creative-cta slide-right\" href=\"http:\/\/www.grey-consulting.fr\/nous-contacter\/\" style=\"padding: 65px 50px 65px 50px; color: #ffffff; background-color: #02aed6;\" data-x-element=\"creative_cta\" data-x-params=\"{&quot;animation&quot;:&quot; slide-right&quot;,&quot;bg_color&quot;:&quot;#02aed6&quot;,&quot;bg_color_hover&quot;:&quot;#02aed6&quot;}\" ><span class=\"text\" style=\"font-size: 45px;\">Postulez d\u00e8s maintenant<\/span><span class=\"graphic\"><i style=\"margin: 0; font-size: 75px;\" class=\"x-icon-arrow-right\" data-x-icon-s=\"&#xf061;\"><\/i><\/span><\/a><\/div><\/div><\/div><div id=\"x-section-8\" class=\"x-section dark-section bg-image parallax\" style=\"margin: 0px;padding: 50px 0px; background-image: url(http:\/\/grey-consulting.fr\/wp-content\/uploads\/2021\/02\/bg-office-01.jpg); background-color: #27292a;\"  data-x-element=\"section\" data-x-params=\"{&quot;type&quot;:&quot;image&quot;,&quot;parallax&quot;:true}\" ><div class=\"x-container max width\" style=\"margin: 0px auto;padding: 0px;\"  ><div  class=\"x-column x-sm x-3-5\" style=\"padding: 10px; background-color:hsla(0, 0%, 0%, 0.19);\" ><div  class=\"x-map embed with-container\" ><div class=\"x-map-inner\"><iframe loading=\"lazy\" src=\"https:\/\/www.google.com\/maps\/d\/u\/0\/embed?mid=1CaubSzkvyAaGiYzwpDqwwyNp8AVQGgMu\" width=\"640\" height=\"640\"><\/iframe><\/div><\/div><\/div><div  class=\"x-column x-sm x-2-5\" style=\"padding: 0px;\" ><hr  class=\"x-gap\" style=\"margin: 50px 0 0 0;\"><h2  class=\"h-custom-headline man h3\" ><span>Adresse<\/span><\/h2><div  class=\"x-raw-content mts\" style=\"color: #fff;\"><p class=\"man\">13 boulevard de Courcelles, 75008 Paris<\/p><\/div><hr  class=\"x-gap\" style=\"margin: 50px 0 0 0;\"><h2  class=\"h-custom-headline man h3\" ><span>T\u00e9l\u00e9phone<\/span><\/h2><div  class=\"x-raw-content mts\" style=\"color: #fff;\"><p class=\"man\">01 55 35 01 80<\/p><\/div><hr  class=\"x-gap\" style=\"margin: 50px 0 0 0;\"><h2  class=\"h-custom-headline man h3\" ><span>Email<\/span><\/h2><div  class=\"x-raw-content mts\" style=\"color: #fff;\"><p class=\"man\">m.gherdaoui@greyconsulting.fr<\/p><\/div><\/div><\/div><\/div><\/div>\n","protected":false},"excerpt":{"rendered":"","protected":false},"author":1,"featured_media":0,"parent":0,"menu_order":0,"comment_status":"closed","ping_status":"closed","template":"template-blank-4.php","meta":[],"_links":{"self":[{"href":"https:\/\/grey-consulting.fr\/index.php?rest_route=\/wp\/v2\/pages\/22"}],"collection":[{"href":"https:\/\/grey-consulting.fr\/index.php?rest_route=\/wp\/v2\/pages"}],"about":[{"href":"https:\/\/grey-consulting.fr\/index.php?rest_route=\/wp\/v2\/types\/page"}],"author":[{"embeddable":true,"href":"https:\/\/grey-consulting.fr\/index.php?rest_route=\/wp\/v2\/users\/1"}],"replies":[{"embeddable":true,"href":"https:\/\/grey-consulting.fr\/index.php?rest_route=%2Fwp%2Fv2%2Fcomments&post=22"}],"version-history":[{"count":5,"href":"https:\/\/grey-consulting.fr\/index.php?rest_route=\/wp\/v2\/pages\/22\/revisions"}],"predecessor-version":[{"id":31,"href":"https:\/\/grey-consulting.fr\/index.php?rest_route=\/wp\/v2\/pages\/22\/revisions\/31"}],"wp:attachment":[{"href":"https:\/\/grey-consulting.fr\/index.php?rest_route=%2Fwp%2Fv2%2Fmedia&parent=22"}],"curies":[{"name":"wp","href":"https:\/\/api.w.org\/{rel}","templated":true}]}}